on factor of d and s.
9
Let z(y) = y**2 + y + 1. Let c(b) = 29*b**2 - 7*b - 6. Let k(p) = c(p) + 6*z(p). Let x = -8 + 9. Let g be k(x). What is the greatest common factor of g and 17?
17
Suppose c - 3*c + 148 = 0. Let o = -41 + c. What is the greatest common divisor of 11 and o?
11
Let n be 36/15 + (-2)/5. Let a be (35/2)/(n/4). Suppose a = -4*k + 5*k. Calculate the highest common divisor of 5 and k.
5
Let x(p) = 5 - 9*p**2 - 2*p**3 - 7*p - 3*p - p**2 + p**3. Let f be x(-9). Let h be 153/1 + (-2)/(-2). What is the greatest common factor of f and h?
14
Suppose -5*m + n + 1 = 0, n - 2 - 2 = 0. Let h be -2*1 - (m - 4). Let x(g) = g**2 - 3*g + 3. Let v be x(2). What is the greatest common factor of v and h?
1
Suppose 2*a - 4*n - 100 = 0, 2*a + 3*n - 43 = 92. Let y be (40/(-6))/(10/(-135)). Calculate the greatest common factor of y and a.
30
Let b = 23 + -16. Suppose -2*p = 13 - 55. Calculate the greatest common divisor of p and b.
7
Let z be ((-1)/1)/((-1)/400). Suppose -4*m = -z - 368. Calculate the greatest common factor of m and 24.
24
Suppose -4*s + 3*n = -3*s + 9, -5*n + 49 = 4*s. What is the highest common factor of s and 48?
6
Let n be 9*(-1)/(6/(-16)). Suppose -3 + 0 = -o. Suppose 4*z = 20, -2*z - 23 = -o*i + 3*z. What is the greatest common divisor of i and n?
8
Let o = 283 - 172. What is the greatest common divisor of o and 74?
37
Let l be (-2)/6 - (-1)/3. Let b be 2/1 + l + 570. Let f be b/24 - 1/(-6). Calculate the highest common factor of f and 3.
3
Let u = 27 - -54. Suppose 2*q - 16 = 2*o, -4*o - 60 = -5*q - 19. Calculate the highest common divisor of u and q.
9
Suppose 6 = 5*q - 29. Calculate the highest common divisor of 1 and q.
1
Let v be (27 - 20/(-5)) + 5. What is the highest common divisor of v and 90?
18
Suppose -s + 60 = 3*m, 5*s + m = 3*s + 130. Calculate the greatest common factor of s and 6.
6
Suppose 2*z - 4 = 2*f - 42, 5*f - 2*z = 101. What is the highest common divisor of f and 84?
21
Suppose -33 = 4*q - 649. Suppose -l + 14 = -0*l. What is the greatest common divisor of q and l?
14
Let p = -3 + 3. Suppose p = -r - 3*r + 120. Let u be 1/3 + (-402)/(-9). What is the greatest common divisor of r and u?
15
Let d(y) be the first derivative of -2*y**2 + y - 3. Let h be d(-1). What is the greatest common factor of h and 10?
5
Let s be 10/(-15) + (-22)/3. Let r be (s/(-3))/(3/9). Suppose -7 = -m + c + c, 2*m = c + 5. What is the greatest common factor of m and r?
1
Suppose 3*i - 4*i = 3*w - 20, 0 = 3*i + 2*w - 39. Suppose i = 3*y - 10. What is the greatest common divisor of 14 and y?
7
Let n = 32 - -142. Suppose 4*g - 186 = n. What is the greatest common divisor of 9 and g?
9
Let s(z) = -z**2 + 8*z. Let x be s(7). Calculate the greatest common divisor of 63 and x.
7
Let u be 7/4*((2 - -4) + -2). Suppose v = 14 + 14. Calculate the greatest common factor of u and v.
7
Let a = -4 + 6. Suppose -2*q - a*q = -240. What is the highest common divisor of 12 and q?
12
Suppose 5*j - 413 = 687. Calculate the highest common factor of 20 and j.
20
Let n(y) = -y**3 + 11*y**2 - 11*y + 2. Let a be n(7). Let k = -19 + 30. Calculate the highest common divisor of a and k.
11
Let x be 2/(-4)*(-13 + 11). What is the greatest common divisor of 1 and x?
1
Let k(p) = -p**3 - p**2 + 5. Let o be k(0). Let f be (-42)/(-10) - 1/o. Calculate the greatest common divisor of f and 36.
4
Let a = 8 - -3. Calculate the greatest common factor of a and 1.
1
Suppose -1088 - 2720 = -17*n. What is the highest common factor of n and 32?
32
Let c be (-6)/(-4) + 8/(16/21). Calculate the greatest common divisor of 156 and c.
12
Let v be ((-4)/(-6))/(14/63). Suppose 3*c - v = 12. What is the highest common factor of c and 15?
5
Suppose -y = -6*y, 5*y - 110 = -b. Let r(j) = 9*j**3 + 1. Let d be r(1). What is the greatest common divisor of b and d?
10
Let a be (-1)/1 - (-1 - -3). Let r(g) = 2*g + 2*g**3 + 9*g**2 - 4*g**2 - g**3. Let o be r(a). Calculate the greatest common divisor of o and 4.
4
Suppose 3*x - 120 = -4*q, 24 = x - 2*q - 2*q. Calculate the greatest common factor of 24 and x.
12
Let y = -2 - 0. Let m be (0/2)/3 - y. Suppose 4*n + 4*f - 44 = 0, 4*f + 64 = -m*n + 7*n. Calculate the greatest common factor of n and 132.
12
Let l = -17 + 12. Let x be (-4)/10 + (-142)/l. Calculate the highest common divisor of x and 7.
7
Suppose -99 = -3*u + 2*u. Calculate the greatest common divisor of u and 9.
9
Let p = -9 + 2. Let y = 12 + p. Let b be (4/y)/((-2)/(-30)). What is the greatest common divisor of 48 and b?
12
Let i(u) = -u**2 + 10*u + 14. Let b be i(11). What is the highest common divisor of 6 and b?
3
Let b = -100 + 108. Let n(k) = 3*k**2 - 3*k. Let z be n(2). Suppose 3*v = z + 18. What is the highest common factor of v and b?
8
Let v(o) = -o**2 - 4*o + 38. Let b be v(-8). Let q(l) = 6*l**3 + l**2 - l. Let p be q(1). Calculate the highest common divisor of p and b.
6
Let k be 236/6 - (-4)/6. Let l = -28 - -49. Let g be 203/l + 2/6. What is the highest common factor of g and k?
10
Let g be (2 - -58) + (0 - 0). Let b be (11 + -9)/((-1)/(-3)). Suppose -b*t + g = -t. What is the greatest common divisor of t and 12?
12
Let d = -117 + 153. Calculate the greatest common factor of d and 12.
12
Let c(g) = 18*g - 6. Let w be c(1). What is the highest common factor of w and 9?
3
Let z = -6 + 8. Let r be z/4*52/2. What is the highest common factor of 117 and r?
13
Let c = 11 - -1. Let q = 19 + -13. Calculate the highest common divisor of c and q.
6
Suppose 2*c = p + 38, -3*c + p = -23 - 34. Calculate the highest common divisor of c and 57.
19
Suppose 78*y = 82*y - 60. What is the highest common factor of y and 15?
15
Let z(k) = 2*k**2 - 3*k - 2. Let p be z(4). What is the highest common factor of 180 and p?
18
Suppose 0 = -3*p - g + 1, -5*p - 2*g - 3 = -6. Let q(j) = -30*j. Let z be q(p). Calculate the highest common divisor of 15 and z.
15
Suppose 5*f - v - 49 = 0, -f + 4*f - 5*v - 25 = 0. Let p be 706/f - 12/20. Calculate the greatest common divisor of p and 14.
14
Let v = 37 + -25. Let o(m) = -m**3 - 2*m**2 + 6*m + 3. Let y be o(-5). Suppose -3*l - y = -4*l. Calculate the greatest common factor of v and l.
12
Suppose -n + 1 = -9. Calculate the highest common factor of n and 25.
5
Let b = 63 + -43. What is the greatest common factor of b and 30?
10
Let t = 13 - 7. Let f be -5*((-65)/25 - 1). What is the greatest common factor of t and f?
6
Let p be 99/6*(-4)/(-6). Let u(h) = h**3 - 11*h**2 + h + 15. Let g be u(p). Calculate the greatest common divisor of 286 and g.
26
Let m = 5 + -8. Let f = 9 - m. Let g(p) = -3*p + 9. Let v be g(-7). Calculate the greatest common factor of f and v.
6
Suppose -32 = -5*v + 458. Calculate the greatest common factor of 14 and v.
14
Let c be 3*(7 + 2)/(-3). Let v = 23 + c. What is the highest common factor of 7 and v?
7
Let z(f) = -3*f - 4. Let h be z(-8). What is the greatest common factor of h and 4?
4
Let u be 5*(4 - (2 + 18/(-5))). Let h(a) = a**2 + a - 2. Let o be h(2). What is the highest common divisor of o and u?
4
Let r = -6 + 1. Let b be (4/(-10))/(r/50). Calculate the highest common factor of b and 8.
4
Let l(w) = -w**3 + 12*w**2 - 4*w - 15. Let u be l(8). What is the highest common divisor of u and 19?
19
Let q(b) = 0*b**2 - 4 + 2*b**2 + 0*b**2 + 2 - b. Let w be q(2). Calculate the greatest common divisor of w and 20.
4
Let h be 3/((-5)/(-105)*1). What is the greatest common factor of 9 and h?
9
Suppose j - 2*b = 16, 3*j - 4*j = -3*b - 14. What is the highest common factor of j and 10?
10
Let b(n) be the third derivative of n**5/60 - 7*n**4/24 - n**3 + n**2. Let z be b(9). Calculate the highest common factor of 84 and z.
12
Let o(p) = 2*p**2 - p. Let c be o(-1). Suppose -5 = -c*q + 1. Suppose -4*w + q*x + 28 = -x, x = -5*w + 35. What is the highest common factor of 63 and w?
7
Let t = -47 - -59. Calculate the greatest common divisor of 30 and t.
6
Let n(z) = -z**3 + z**2 - z + 17. Let p be (-5)/10*(-1 - -1). Let u be n(p). Let v = -8 + u. Calculate the highest common divisor of 72 and v.
9
Let t = -12 - -40. What is the highest common divisor of 252 and t?
28
Let g be (1/(-1))/(1/1). Let l be (2/2)/(2 + g). Let h be (-12)/(-2) + l + 0. Calculate the greatest common divisor of h and 77.
7
Let g be (-1)/(-5)*-14*-5. Suppose 4*m = 3